1
In base 16, what is 3 + 71?
74
In base 12, what is 8 - -6a?
76
In base 4, what is 2 - -101?
103
In base 15, what is -1a - 2db?
-306
In base 15, what is -2c + 6?
-26
In base 8, what is -636 + -3?
-641
In base 8, what is -40 - -10?
-30
In base 6, what is 242 - 20?
222
In base 5, what is 4323 - 2?
4321
In base 11, what is -4 - -316a?
3166
In base 9, what is 4 + -1401?
-1386
In base 12, what is -74 + -7?
-7b
In base 5, what is -12 - -1101?
1034
In base 14, what is 6 - -57d?
585
In base 5, what is 1003 + -120?
333
In base 11, what is -1986 + -3?
-1989
In base 7, what is 632 + 12?
644
In base 10, what is -7 - 52?
-59
In base 7, what is -3034 + -2?
-3036
In base 12, what is 71 + 2?
73
In base 7, what is 33103 + 3?
33106
In base 3, what is 12 - -22212?
100001
In base 3, what is -212 + 101?
-111
In base 16, what is -98 + -53?
-eb
In base 16, what is -15f + -4?
-163
In base 8, what is -6217 + 0?
-6217
In base 7, what is -10 + -306?
-316
In base 11, what is 33 + 135?
168
In base 5, what is -10 - -104323?
104313
In base 13, what is -2812 - 3?
-2815
In base 8, what is -21 - -1256?
1235
In base 12, what is 3b + -4?
37
In base 10, what is 42 + 83?
125
In base 9, what is -15 + -6?
-22
In base 2, what is 100000 + 100010?
1000010
In base 13, what is -3 - 8b7?
-8ba
In base 10, what is 3 + -1300?
-1297
In base 14, what is dd + -5?
d8
In base 4, what is 1 - 1003?
-1002
In base 13, what is -3074 - -3?
-3071
In base 16, what is 3 - -9?
c
In base 6, what is 4005 + -3?
4002
In base 15, what is -6 - 22?
-28
In base 16, what is 1f + 2?
21
In base 14, what is -4 - -22?
1c
In base 9, what is 3 + 516?
520
In base 10, what is 6020 + 4?
6024
In base 13, what is 0 - 196?
-196
In base 11, what is 22 + 9?
30
In base 7, what is 1215 - 3?
1212
In base 9, what is 122 - 84?
27
In base 10, what is 3 - -61?
64
In base 13, what is c0 - -5?
c5
In base 14, what is -6 + 37b?
375
In base 4, what is 31 + -1210?
-1113
In base 8, what is -1 - 1534?
-1535
In base 12, what is -3 + -bb?
-102
In base 10, what is 6 + 7?
13
In base 12, what is 1 + a4?
a5
In base 14, what is 72c - -1?
72d
In base 11, what is -24a + -2?
-251
In base 4, what is -2012103 - 0?
-2012103
In base 12, what is -5 + 3a4?
39b
In base 10, what is -1 - 188?
-189
In base 11, what is -3 + 15a?
157
In base 9, what is -46 - 2?
-48
In base 7, what is -36 - -425?
356
In base 10, what is 2180 - -1?
2181
In base 14, what is -5 - -b34?
b2d
In base 15, what is -e2 + -1?
-e3
In base 6, what is -13342 - 0?
-13342
In base 12, what is -4 - -1548?
1544
In base 2, what is 11 - -1001?
1100
In base 6, what is 5 - -144?
153
In base 16, what is -23 + 1?
-22
In base 3, what is -11 - -11202020?
11202002
In base 7, what is -5 - 35?
-43
In base 4, what is 3 - 110021?
-110012
In base 2, what is -100 - -11100100?
11100000
In base 14, what is 29d + 3?
2a2
In base 11, what is -5 + 1a5?
1a0
In base 13, what is -473 + -4?
-477
In base 2, what is -10011 - -1?
-10010
In base 9, what is 1 - -570?
571
In base 11, what is -1a4a - 3?
-1a52
In base 2, what is 100011111010 - -1?
100011111011
In base 4, what is 1 + 1122?
1123
In base 11, what is 178 + -1?
177
In base 11, what is -6925 - 0?
-6925
In base 4, what is 11 - -310?
321
In base 10, what is -2 - 450?
-452
In base 7, what is -3 - -113?
110
In base 6, what is -242 + 2?
-240
In base 9, what is 8 - 201?
-182
In base 12, what is -7 - -8?
1
In base 7, what is -2 - -23?
21
In base 3, what is 12 - -1020?
1102
In base 2, what is -100 - -1001011?
1000111
In base 4, what is 2031 + 22?
2113
In base 2, what is 100 - 10111000?
-10110100
In base 2, what is -101 - 1001000101110?
-1001000110011
In base 16, what is 1 - 63b?
-63a
In base 5, what is 0 - 3?
-3
In base 13, what is -1 - -38a?
389
In base 10, what is 97 + -45?
52
In base 9, what is 127 - 3?
124
In base 3, what is 1211202 - -12?
1211221
In base 10, what is -138 + -28?
-166
In base 13, what is -3 - 121?
-124
In base 2, what is 11011 + -100?
10111
In base 7, what is -64 + 14?
-50
In base 12, what is 328 + -6?
322
In base 3, what is -11 + 1022020?
1022002
In base 14, what is c + 0?
c
In base 9, what is -4 + 333?
328
In base 14, what is 148d + -5?
1488
In base 11, what is -42 + -4?
-46
In base 2, what is 100 + 1110011?
1110111
In base 16, what is a0 + 1?
a1
In base 7, what is -4561 + 0?
-4561
In base 6, what is 35 - 31?
4
In base 2, what is -100000000111110 - 10?
-100000001000000
In base 3, what is -12 - 102?
-121
In base 15, what is 4 - c1b?
-c17
In base 8, what is 301 - -4?
305
In base 9, what is 782 - -3?
785
In base 14, what is 22 + 1?
23
In base 11, what is -161 + 15?
-147
In base 16, what is 3 - -244?
247
In base 12, what is -1880 - 2?
-1882
In base 6, what is 243 + -2?
241
In base 14, what is -113a + 2?
-1138
In base 10, what is 71 - 7?
64
In base 3, what is -20111 + 12?
-20022
In base 9, what is -233 + 2?
-231
In base 5, what is -323 - 12?
-340
In base 8, what is 0 + 1254?
1254
In base 15, what is -1b6 - 26?
-1dc
In base 10, what is 2594 - -5?
2599
In base 14, what is 48 + -4?
44
In base 14, what is -c + 5?
-7
In base 3, what is -112 + 12220?
12101
In base 13, what is 5c1 + 5?
5c6
In base 8, what is -1267 - 25?
-1314
In base 15, what is -20 + -19?
-39
In base 3, what is 112 - 10?
102
In base 12, what is -1 + 127?
126
In base 11, what is -101 + 5?
-a7
In base 15, what is 62 - -3?
65
In base 4, what is -23 - -103?
20
In base 6, what is -1331 - 4?
-1335
In base 3, what is 10 - -102101?
102111
In base 12, what is -34 - 6?
-3a
In base 3, what is 21 - 1210?
-1112
In base 11, what is -17 + -789?
-7a5
In base 9, what is -27 + -18?
-46
In base 12, what is 27a7 + -1?
27a6
In base 12, what is -4 + 202?
1ba
In base 16, what is -78 + -2d?
-a5
In base 16, what is 13 + 2?
15
In base 9, what is -320 + 4?
-315
In base 15, what is 7e + 7?
86
In base 3, what is -1012 + 11010?
2221
In base 7, what is 1 - 2?
-1
In base 8, what is 174 - 51?
123
In base 5, what is -1 + -3031?
-3032
In base 11, what is -63 - 57?
-10a
In base 5, what is -2 + 1210?
1203
In base 12, what is -1 + 314?
313
In base 10, what is -72 + -1?
-73
In base 3, what is 1100 - 0?
1100
In base 14, what is 2 + 38?
3a
In base 8, what is -643 - 0?
-643
In base 8, what is 22 + -4?
16
In base 3, what is -110 + -10000?
-10110
In base 2, what is -101111 + 1010000110?
1001010111
In base 11, what is -180 - 0?
-180
In base 3, what is 22 - 10101?
-10002
In base 5, what is 1140 - 230?
410
In base 7, what is 6 - -45?
54
In base 10, what is -7 + -84?
-91
In base 11, what is -64 + -15?
-79
In base 12, what is -505 + 43?
-482
In base 2, what is 100011100100 + 1?
100011100101
In base 14, what is a + -24?
-18
In base 14, what is 4d9c + -2?
4d9a
In base 4, what is -132 - 123?
-321
In base 3, what is 10 - 10201112?
-10201102
In base 13, what is 3 - -1cb?
201
In base 11, what is -5 + 211?
207
In base 6, what is 2222 + 3?
2225
In base 3, what is 121 + 100?
221
In base 7, what is 541 - 1?
540
In base 13, what is 2 - 26?
-24
In base 6, what is -1030 - 1?
-1031
In base 12, what is -732 + 3?
-72b
In base 6, what is -120 + 2?
-114
In base 4, what is -11 + 1023002?
1022331
In base 5, what is -1223 - 2?
-1230
In base 9, what is 14 + 5?
20
In base 13, what is 3c + 42?
81
In base 13, what is b - -12?
20
In base 13, what is 1a74 + 3?
1a77
In base 12, what is 17a0 - 3?
1799
In base 11, what is -3 + -2017?
-201a
In base 4, what is -11 + -1032?
-1103
In base 9, what is 85 - -4?
100
In base 5, what is -114 - -1202?
1033
In base 6, what is -5 + 150?
141
In base 2, what is -110011 - 1010001?
-10000100
In base 10, what is 271 - -4?
275
In base 8, what is -3 - 11?
-14
In base 9, what is -6 - 3?
-10
In base 14, what is -48 + -1d3?
-23b
In base 13, what is 0 - 9c?
-9c
In base 8, what is -1354 - 0?
-1354
In base 7, what is -2050 - 6?
-2056
In base 12, what is 45 + -82?
-39
In base 7, what is -10 - -452?
442
In base 15, what is 4 + 17?
1b
In base 2, what is 10 - 100111000111?
-100111000101
In base 10, what is -1 - -101?
100
In base 15, what is 3c - -3?
40
In base 16, what is -174 + -3?
-177
In base 7, what is 4 - 560?
-553
In base 3, what is -10 + 1202?
1122
In base 16, what is 75 - 3f?
36
In base 14, what is -35 - -6c?
37
In base 2, what is 1111001100 - -1?
1111001101
In base 4, what is -2100 + 3?
-2031
In base 2, what is 0 + -1011101?
-1011101
In base 2,